
12
Suppose -2*d + 16 = d - 2*v, v = 2*d - 9. Let a = 0 + d. Let c(m) = 4*m**3 + 2 + 6*m**2 - 8*m**2 - 3*m - 4*m**3 + 2*m**3. Calculate c(a).
4
Let f(v) = v**2 + 2*v. Suppose 0 = -5*w + 7 + 23. Suppose -2*c - 20 = -2*o + w*o, 12 = -3*c. Determine f(o).
3
Let x(r) be the second derivative of -r**6/120 + r**5/12 - r**4/6 - 2*r**3/3 - 5*r**2/2 - 3*r. Let f(c) be the first derivative of x(c). Calculate f(4).
-4
Let p(d) be the second derivative of -d**3/6 + d**2/2 + 19*d. Give p(4).
-3
Suppose 2*b - 5*f - 11 = 0, 0*b + 5*b = 3*f + 18. Suppose -b*g + 2*g = -t, 0 = 3*g - 6. Let z(r) = -t + 6 - r**3 + 2*r + 2*r**2 - 3 + 2*r. Give z(3).
4
Let y(a) = 3*a + 7. Let z be (-2)/(-4) - 39/6. What is y(z)?
-11
Suppose -10*y + 38 = -2. Let r(a) = -a + 3. Give r(y).
-1
Let i = 7/24 - 5/24. Let a(q) be the second derivative of 0 + i*q**4 + 1/2*q**3 + q + 0*q**2. What is a(-3)?
0
Let i(m) = m**2 - 3*m + 2. Suppose -4*j + 7 = -z, z = -3*z + j - 13. Let l = z + 6. Give i(l).
2
Suppose -4*u - l = -3, 0*u - 4*l - 22 = -u. Let t(q) = -1 - u + 0 - 6*q**2 + 4. Give t(1).
-5
Suppose 4*m - 2*p = m + 4, 0 = -m + 5*p + 23. Let x be m/((-1)/(-1)) + -1. Let v(t) = -t**2 - 3*t - 4 + 7 + 1. Determine v(x).
4
Let h(a) be the first derivative of a**2/2 + 2*a + 9. What is h(0)?
2
Let f(v) = -v - 1. Let l(y) = 7*y - 19. Let m be l(3). Calculate f(m).
-3
Let l(u) = -u**3 + 2*u**2 - 2*u - 1. Let q(f) = f**2 + 2*f - 26. Let g be q(-6). Calculate l(g).
19
Let f(z) = -2*z - 1. Suppose 2*k - 8 = 2*j, j = -5*k + 4*k. Suppose -x = x - k. Give f(x).
-3
Let b(p) be the third derivative of -p**6/120 - p**5/15 + 7*p**4/24 + p**3/3 + 3*p**2. What is b(-5)?
-8
Let l(x) be the first derivative of x**4 - x**2 + x - 1. Let t(o) = -o**2 - 8*o - 6. Let b be t(-7). Calculate l(b).
3
Let a(m) = -m**3 + m**2 + 1. Let r(l) = l**2 + 3*l - 4. Let d be r(-4). Give a(d).
1
Let z(f) be the first derivative of 3/2*f**2 - 2*f - 1/4*f**4 - 3 + 2/3*f**3. Calculate z(3).
-2
Let v(f) = 3*f**2 + 5*f + 4. Suppose -j - 13*j - 42 = 0. Determine v(j).
16
Suppose -4*b - 4*i = -8, 5*i + 2 + 0 = b. Let w(z) = -4*z. Let j be w(-1). Let t(r) = -1 + j*r**2 - 11*r + 4*r + 6*r + 2*r**3 - 6*r**2. Calculate t(b).
5
Let s(c) = -c. Let w(t) = -1. Let n(q) = s(q) - 2*w(q). Let v be -1 + (-2)/4*-2. Suppose v*b - 8 = 2*b. What is n(b)?
6
Suppose 0 = 2*g, 6*p + 2*g = 2*p + 24. Let f(u) = 0*u + 9*u - p*u. Let b be (-1*1)/((-2)/(-6)). Determine f(b).
-9
Suppose 4*m - 44 = -0*m. Let s(a) = 18*a - 4. Let f(n) = -53*n + 12. Let u(j) = m*s(j) + 4*f(j). Let z(g) = 5*g - 1. Let b(y) = 6*u(y) + 17*z(y). Give b(-4).
3
Let x(q) = -13*q**2 - 7*q - 4. Suppose 0 = 4*j - 3*j - 7. Let k(g) = -4*g**2 - 2*g - 1. Let c(a) = j*k(a) - 2*x(a). Determine c(-2).
-7
Let s(u) = -u + u - u - 1. Let v(y) = y**3 + 4*y**2 + y + 4. Let o(h) = 2*s(h) - v(h). What is o(-4)?
6
Suppose -11 = -4*a - g, -4*a + 0*a - 5*g = -23. Let v(t) = 2*t**3 - 3*t**2 + 4*t - 2. Calculate v(a).
10
Let g(t) = -11 + 5*t + t**3 + 6*t**2 + 11. Let h = -1 + 4. Suppose 3*q = -3*z - 3, 0 = -q - 4*z + h + 8. Calculate g(q).
0
Let m(y) = -y**2 + 2*y + 2. Let w(i) be the first derivative of -i**2/2 - 7*i - 2. Let q be w(-10). Determine m(q).
-1
Suppose 0 = -4*x - 0*x + a - 59, 4*a + 36 = -x. Let c be x/56 + (-40)/7. Let h be 2/(-3 + (-21)/c). Let q(m) = -m**3 + 3*m**2 + 5*m + 2. Calculate q(h).
6
Let h(s) = 4*s**2 + 1 - s**2 - 2*s**2 + 4*s. Let t(w) = -9*w + 4. Let q be t(1). What is h(q)?
6
Let o(u) = u**2 - 6*u + 3. Suppose 0 = 2*s + s - 18. Let v be o(s). Let y(p) = -4*p - p**3 - 6*p**2 - 3 + 0*p**v - 2*p. Calculate y(-4).
-11
Suppose 5*z - 3*z = 2*g + 2, 0 = -3*z. Let n(k) = -k**3 - 4*k**2. Let i be n(-4). Let d = i + g. Let y(c) = -6*c + 1. Determine y(d).
7
Let q(x) = 2*x - 4. Let v(n) = -n**3 + 5*n**2 - 4*n + 5. Let u be v(4). What is q(u)?
6
Suppose t = -3*t + 12. Let x(v) = v**2 + v. Let y(g) = 3*g**2 - 3*g + 3. Let w be (5 + -2 + -4)*-1. Let m(n) = w*y(n) - 2*x(n). What is m(t)?
-3
Let j be 5 - (0 + 0 - -2). Suppose 2 + 3 = 5*m. Let q(r) = -r**3. Let u(b) = 5*b**3 - 3*b**2 + b - 1. Let y(p) = m*u(p) + 4*q(p). Calculate y(j).
2
Let t = 7 + -5. Suppose 0 = 3*f - 3, 3*f = 3*o + t*f + 10. Let z(x) = -1 + x**3 - 3*x + 0*x**2 + 5*x**2 - 2*x**2. Give z(o).
8
Let k(s) = -s**2 + 3. Let r = -119 - -122. Give k(r).
-6
Let h(d) = 3*d + 1. Let x = -34 + 32. What is h(x)?
-5
Suppose -3*i + i = 2*i. Let a(y) = 4*y - 2. Let r(u) = -3*u + 3. Let x(p) = -4*a(p) - 5*r(p). What is x(i)?
-7
Let u be ((-3)/(-2))/((-9)/(-18)). Let o(c) = -c**3 - 5 + 5*c**2 + u*c - c + 3*c + 12. Determine o(6).
1
Let s(w) = w**3 + 2*w**2 + 2. Let n = -6 - -4. Let u be s(n). Let i(q) = -5 + q + u + 0*q. Give i(2).
-1
Let d(h) = h**2 - 2*h + 3. Suppose -b + 19 = 2*a, a - 70 = -5*b - 4*a. Suppose 2*c + b = 5*c. What is d(c)?
6
Let w(g) = g**3 - 4*g**2 + 3*g. Let q be -1 + (-2 - -1) + 4. Give w(q).
-2
Let j(p) be the second derivative of -1/20*p**5 - 1/6*p**3 - 1/3*p**4 - 2*p + 1/2*p**2 + 0. Suppose r - 20 = 5*c, 4*r + 16 = -4*c - r. Determine j(c).
5
Let q(t) = -t**3 - 7*t**2 - 7*t - 4. Let u be q(-6). Suppose 7 = 2*j - 1. Let o(p) = p**3 + 2 + 0*p - p + j*p**u + 0*p. Give o(-4).
6
Let m(v) be the second derivative of v**5/20 + 5*v**4/12 + 5*v**3/6 + v**2 - 37*v. Give m(-4).
-2
Let u = -3 - -1. Let h be (-4 - u)/(-1 + -1). Let c(o) be the second derivative of 5*o**4/12 + o**3/6 - o**2/2 + o. Calculate c(h).
5
Let p(s) = 2*s - 1. Let k(g) = 11*g - 9. Let w(r) = -k(r) + 5*p(r). Suppose 4*c + 2*n = 2*c - 20, 4*c + 32 = -2*n. Let b = c + 11. Determine w(b).
-1
Let z(q) = -q**3 + 7*q**2 - 6*q + 8. Suppose -5*y - 5*y = -60. Give z(y).
8
Let m(a) = a**3 - 8*a**2 - 9*a + 2. Let f = 28 + -19. Let b be m(f). Let t(y) = 8*y + 0*y - 7*y + b - 1. What is t(-2)?
-1
Let w be (8/(-6))/(-8 + 110/15). Let k(n) = 2*n - 3*n - 2 - n. Calculate k(w).
-6
Let c(x) be the first derivative of -x**4/4 + 8*x**3/3 - x**2 + 6*x - 15. Determine c(8).
-10
Let z(t) be the third derivative of -t**6/120 + t**4/12 - t**3/6 - 18*t**2. Let l(n) = 2*n**2 - 2*n - 5*n - 4 - 3*n**2. Let u be l(-6). Give z(u).
-5
Let o(j) be the first derivative of -j**4/4 + 3*j**3 - j - 45. What is o(9)?
-1
Suppose -2*x + z - 9 = 4*z, 4*x = z + 17. Suppose 4*k + 26 = -x*d, -4*k - k - 27 = d. Let y(o) = -o - 5. Calculate y(k).
0
Let g(k) be the third derivative of k**4/12 + k**3/3 + k**2. Suppose 4*u = 8 + 4. Suppose -c - u = -1. Determine g(c).
-2
Let q(z) be the third derivative of -1/24*z**5 + 0*z + 0 + 1/720*z**6 - 1/8*z**4 + 3*z**2 + 0*z**3. Let b(h) be the second derivative of q(h). What is b(6)?
1
Let y(s) = s**2 - 8*s + 8. Let t be 1/((-3)/63*-3). Calculate y(t).
1
Let x = 3 - 1. Let p(i) = 3*i + i + 0*i**2 + 2*i**2 - 3*i**x. Calculate p(3).
3
Let x(r) = r**3 - 5*r**2 - 5*r - 8. Let v be x(6). Let a be ((-8)/(v - 0))/2. Let d(f) = 3*f - 6*f + f**2 - f + 3*f + 2. Give d(a).
4
Suppose 30 = -5*n + 10. Let g(d) = d + 7. Calculate g(n).
3
Suppose -n + 8 - 1 = 0. Let a(m) = -m**3 + 7*m**2 + 2*m - 5. Calculate a(n).
9
Let p(d) be the second derivative of d**5/20 - d**4/4 - d**3/6 + d**2 - 5*d. What is p(3)?
-1
Let d be (6/(-8))/((-1)/(-8)). Let y be (-4 + 1)*10/d. Let c(s) = 3*s - 2*s + 0*s. Determine c(y).
5
Let u(l) = l**3 + 6*l**2 - 6*l + 7. Let z be -14*(-5)/((-40)/4). Determine u(z).
0
Let b = 0 + 3. Suppose 5*d = -j + 4*d, b*j + 4*d = -2. Let g(y) = 0 + 4 - 2*y - y**j + y**3 + y - 3. Determine g(0).
1
Let l(a) be the second derivative of a**3/6 + 5*a**2 - 25*a. Give l(-7).
3
Let v(m) = -3*m - 1. Suppose -2*b = -3*t + 1 - 17, 2*t - 4*b + 24 = 0. What is v(t)?
5
Let u(q) = q**3 - 2*q**2 - q - 4. Let h = -103 - -106. Determine u(h).
2
Let f = 22 - 16. Let k(g) = g**2 - 8*g + 8. What is k(f)?
-4
Let v(z) = 4*z - 6 - z - 3*z - 2*z. Determine v(-6).
6
Let n(z) be the third derivative of -z**4/4 + 3*z**2. Suppose -5*u + 14 = -2*b, 0 = u - 3*u + 5*b - 7. Let r = -5 + u. Calculate n(r).
6
Suppose 0 = 13*v - 15*v + 4. Let g(q) = 2*q**2 - 3*q + 2. Give g(v).
4
Let w(p) be the first derivative of -p**3/6 + 5*p**2/2 + 6*p - 6. Let u(b) be the first derivative of w(b). Suppose -3 = v - 7. Calculate u(v).
1
Let i(k) be the third derivative of -k**6/360 - k**5/120 + k**4/8 - 2*k**3/3 + 5*k**2. Let m(w) be the first derivative of i(w). Give m(-3).
-3
Let z(l) be the second derivative of -l**4/